er?
False
Suppose -z - w + 1336 = 4*z, -5*z = -w - 1334. Is z a composite number?
True
Suppose -3*d = -0*d + 36. Let l = -10 - d. Is l composite?
False
Let z(s) = -4*s - 11. Let n(q) = -2*q. Let l = -2 + 6. Let g be n(l). Is z(g) a composite number?
True
Suppose 18*z - 5*z = 16211. Is z a prime number?
False
Let n be (-12)/2 + (-1 - -1). Let u(y) = 5*y**2 - 3*y - 7. Is u(n) prime?
True
Let z(k) = k**3 + 8*k**2 - k - 7. Suppose -3*g - 28 = g + 4*m, 9 = -g + m. Let a be z(g). Suppose -a = 2*v - 39. Is v prime?
True
Let r be 0/((-3 + 1)*-1). Let a(p) = 4*p - 1. Let x(o) = -3*o. Let m(i) = -2*a(i) - 3*x(i). Is m(r) a composite number?
False
Suppose 0 = 11*r - 1438 - 3. Is r a prime number?
True
Suppose 2 = -5*g - 8. Let t(z) = -z**3 - z**2 + z - 2. Let h be t(g). Suppose -46 = -3*p - w + 109, -4*w + 8 = h. Is p composite?
True
Suppose 2*q - 508 = -2*s, 21 - 6 = -3*s. Is q composite?
True
Suppose 206 = -2*z - 4*l, -4*z + 3*l - 357 = -0*z. Is -2*(-3 + z/6) a composite number?
False
Let u = -452 + 729. Suppose 0 = 3*v + 4*w - u + 30, -3*w = -3*v + 282. Is v prime?
True
Suppose -w = -7*w + 8166. Is w prime?
True
Suppose -w - 2*v = -1 - 3, -5*w + 5*v = -20. Suppose 0 = 4*s - 2*s - 70. Is (w - 0)/(10/s) a composite number?
True
Let c be (2 + 11/(-3))*27. Let x = c + 103. Let t = 135 - x. Is t a prime number?
False
Suppose 16*r - 8*r - 744 = 0. Is r a composite number?
True
Suppose -2*r = 12 - 0. Let g = 4 + r. Is 267/21 - g/7 composite?
False
Suppose 5*l = -2*b + 16291, l + 6516 = 3*l + b. Is l a prime number?
True
Suppose 9*d = 8*d + 149. Is d prime?
True
Let k(t) be the second derivative of 7*t**4/12 - t**3/2 - 11*t**2/2 - t. Let j be k(9). Let m = j - 368. Is m prime?
False
Let m(b) = -4*b**3 - 2*b**2 - b. Let y be m(-1). Let x(c) = 0*c**y + c**3 - 3*c + 2 + c**3. Is x(3) a prime number?
True
Is 10/(-45) + (-12237)/(-27) prime?
False
Let h = -22 + 14. Let z = h + 97. Let l = 138 - z. Is l a prime number?
False
Suppose -1688 = -4*a - 4*a. Is a a composite number?
False
Suppose 0 = -4*o - k + 2592, -5*o + k + 2076 + 1173 = 0. Is o a prime number?
False
Suppose -4*n + 12 + 8 = 0, -3*u - 3*n = -36. Is u a composite number?
False
Suppose 0 - 4 = 2*d. Let i = 5 + d. Suppose -n + 28 = i*n. Is n composite?
False
Let r(c) be the second derivative of -c**4/12 - 13*c**3/6 - 5*c**2/2 - 4*c. Is r(-6) prime?
True
Suppose -3*c + 231 = -48. Is c composite?
True
Suppose -f - 2*o + 234 + 1879 = 0, -4*f + 3*o + 8408 = 0. Is f composite?
True
Let r(v) = -v**2 + v + 1. Let q(f) = -9*f**2 - 9*f + 2. Let c(o) = -q(o) - 3*r(o). Is c(4) a prime number?
True
Suppose 20 = -5*q, -q = 2*l - 212 - 490. Is l composite?
False
Let n(q) = -8*q**3 - 2*q**2 + 2*q - 1. Is n(-5) a prime number?
False
Let u(k) = -k**2 + 13*k - 1. Let z be 18/(3 + (-1 - 0)). Is u(z) a prime number?
False
Is 6*(2313/(-2))/(-9) composite?
True
Let z = 28 + -17. Suppose -5*s - 88 + 34 = -2*h, -3*s = 6. Let u = h - z. Is u a composite number?
False
Let x = 699 - 471. Let k = -117 + x. Is k composite?
True
Suppose -5*a + 5 = -5. Suppose a*t = 7*t - 410. Is t a composite number?
True
Let n(c) = 2*c**2 - 2*c + 1. Let t be n(1). Suppose 2*m - 3 = t. Is m/8 + (-236)/(-16) prime?
False
Suppose -106 = 4*b - 414. Let h(r) = -r - r + b + r. Is h(0) a prime number?
False
Let q = 3 - 3. Suppose 0*u + 2*u + 14 = q. Let y = -3 - u. Is y prime?
False
Let n = 1 + 3. Suppose 12 = -n*g, -g = -3*f + f + 9. Suppose -w + f*w = 102. Is w prime?
False
Suppose 0 = l - 2*h - 4, 4*l + h - 2*h - 2 = 0. Suppose -y + 6 = -3*u, -4*y + 2*u + 5 - 1 = l. Suppose -3*w + 78 + 87 = y. Is w composite?
True
Let n(p) = 46*p**2 - 4*p - 3. Let w = -12 + 8. Is n(w) a prime number?
False
Suppose -w + 3*p + 1907 = 0, -w - 2*w - 5*p + 5693 = 0. Is w prime?
True
Suppose 5*u = -0*u. Let n(g) = 4 + 2*g**2 + 3 - 8*g**3 - g**2 + 7*g**3 + g. Is n(u) a composite number?
False
Suppose -20 = 3*n + 10. Let v = 13 + -29. Let k = n - v. Is k prime?
False
Suppose -6295 = -2*n - 3*n. Is n composite?
False
Let y(r) = -r + 3. Let u be y(3). Suppose i + u*i - 29 = 0. Suppose 5*c + i + 1 = m, -2*c = -5*m + 81. Is m a composite number?
True
Is (-20672)/(-24) - (4/3)/(-2) a composite number?
True
Let h(x) = -21*x + 5. Let u(p) = -p**3 - 3*p**2 + 4*p - 4. Let i be u(-4). Is h(i) a composite number?
False
Suppose 880 = -3*z - 2*z. Let n(q) = 16*q - 3. Let s be n(-4). Let f = s - z. Is f composite?
False
Let j(d) = -d**3 - d**2 + 953. Is j(0) prime?
True
Let a(i) = -i - 4. Let x be a(4). Let p(c) = c**3 - 4*c**2 + 2*c**2 + 9*c**2 - 8*c + 9. Is p(x) a prime number?
False
Let h = 8 + -8. Suppose h = 5*p - 3*p - 10. Suppose 4*n - 357 = -3*a + 352, 2*a + p*n = 475. Is a composite?
True
Suppose -6 = 5*i - 1. Let f(g) = g + 6. Let k be f(5). Let s = i + k. Is s composite?
True
Let v(u) = 33*u**3 + u**2 + 3*u - 3. Let c be v(2). Is 4/6 - c/(-3) a prime number?
False
Let u(s) = s**2 + 1. Suppose 4*g + 4 = -0. Let c = 5 - g. Is u(c) composite?
False
Suppose 4*n - 2*i - 1502 = -4*i, n + 4*i - 372 = 0. Suppose 0 = -2*f + n + 198. Is f a composite number?
True
Suppose 5*s = 2071 + 5584. Is s a composite number?
False
Suppose 27 = 5*r - 78. Suppose -6 = -5*z - 76. Let p = r + z. Is p a composite number?
False
Suppose 2*p = 6*p - 3*z - 2801, -p = -z - 700. Is p prime?
True
Suppose 8*s - 4 = 6*s, -3*z - 3*s + 705 = 0. Is z a prime number?
True
Let r(k) = 5*k**3 + 2*k + 3. Is r(4) a prime number?
True
Suppose 7*s = 11*s - 124. Is s a composite number?
False
Suppose -v + 4 = -12. Suppose 3*d - 2*l - 27 = 2*l, -5*d + v = 3*l. Let b(f) = -f**3 + 8*f**2 - 5*f + 3. Is b(d) a composite number?
False
Suppose -3*g = g - 20. Suppose -2*s + 74 = g*m - 65, 5*s - 3*m = 394. Is s composite?
True
Suppose 3 = s - 2. Let a = -4 + s. Let j(p) = 32*p + 1. Is j(a) a prime number?
False
Let f(x) = 86*x - 4. Suppose -y = -2 - 1. Is f(y) prime?
False
Suppose -t = -x - 2*x + 10532, x = -t + 3512. Is x prime?
True
Suppose -3*n + 3*c = -2*c - 56, 0 = c - 2. Suppose -n = -v - 0*v. Is v prime?
False
Suppose r + 5*b - 198 = -r, 2*b = -4. Let c = r - -2. Suppose 0 = 3*t - t - c. Is t composite?
False
Let k = 2393 - 1540. Is k composite?
False
Suppose 16 = 2*b + 2*b. Suppose -488 = -5*n + x, -5*n + x - b*x + 476 = 0. Suppose 3*k - n = -4. Is k prime?
True
Let t = 6 + -4. Is (7 + -6)/(t/70) composite?
True
Let n(w) = -w**3 + 5*w**2 + 8*w. Let r be n(7). Let u be (36/(-14))/(9/r). Suppose 0 = -4*y - u, 0*m - 67 = -2*m - y. Is m a prime number?
False
Let i(h) = -15*h**3 - 3*h**2 - 2*h + 1. Is i(-2) a prime number?
True
Let y be (-7)/(-2) - 2/4. Suppose -y*p = p - 24. Suppose -3*k - 5*j = -61, 3*k - 2*j = p*k - 64. Is k a prime number?
False
Suppose -z - 5691 = -4*s - 0*s, -3*s + 4*z = -4265. Is s a composite number?
False
Let r(u) = 8*u**2 - 2*u + 1. Is r(5) a prime number?
True
Is 2/(12/(-2247))*-2 a composite number?
True
Suppose 5*l - 3 = 12. Let b be 2/(((-18)/15)/l). Let a(y) = 2*y**2 - y. Is a(b) a composite number?
True
Let o(r) = 2*r**2 + 9*r + 2. Let t be o(-7). Let z = t - 14. Is z a prime number?
True
Suppose -l = 4*l - 205. Is (5 + l)/(0 - -2) a composite number?
False
Let w(n) = -n**2 + 25. Let k be (2 + -2)/(-4 - -2). Let u be w(k). Suppose -u = -2*i - 5. Is i a prime number?
False
Let i = 1731 + -566. Is i a prime number?
False
Let v(x) = x**3 + x**2 + x - 1. Let j(y) = -6*y**3 - y**2 + 8. Let u(b) = -j(b) - 4*v(b). Let n be u(-3). Let o = 4 - n. Is o composite?
True
Suppose 0 = 7*w - 2*w - 120. Let q = 2 + -5. Let v = w + q. Is v a prime number?
False
Suppose -5*l + 109 = 2*b - 0*b, 0 = 2*l + 2*b - 40. Is l a prime number?
True
Let c(p) = 5*p**3 - 7*p**2 - 10*p - 7. Let f(n) = 6*n**3 - 8*n**2 - 11*n - 8. Let k(m) = 5*c(m) - 4*f(m). Is k(6) a prime number?
False
Suppose -65 = -3*g + 37. Is g prime?
False
Suppose -5*l = -0*l, -4*o - 3*l = -416. Suppose 344 - o = 5*q. Suppose -5*g + q = -47. Is g prime?
True
Let n(x) = -49*x**2 - 8*x. Let o(l) = 16*l**2 + 3*l. Let v be (-2)/(-3) - (-28)/(-6). Let m(h) = v*n(h) - 11*o(h). Is m(-1) a composite number?
True
Let j = 3700 - 2141. Is j prime?
True
Let h(c) = -645*c + 48. Is h(-5) a prime number?
False
Let f = 33 + 14. Is f composite?
False
Suppose 0*r + 4*r = 12. Suppose -3*h - 3*x = r, 4*h - 4*x - 19 = 3*h. Suppose -3*q - 2*q + 400 = 5*d, 0 = -h*q + 2*d + 225. 